{"id":14,"date":"2025-03-28T10:52:57","date_gmt":"2025-03-28T08:52:57","guid":{"rendered":"https:\/\/kotipalveluamt.fi\/?page_id=14"},"modified":"2025-03-28T15:13:03","modified_gmt":"2025-03-28T13:13:03","slug":"edullista-siivouspalvelua","status":"publish","type":"page","link":"https:\/\/kotipalveluamt.fi\/","title":{"rendered":"Edullista siivouspalvelua"},"content":{"rendered":"\n<figure class=\"wp-block-image size-full\"><img loading=\"lazy\" decoding=\"async\" width=\"307\" height=\"252\" src=\"https:\/\/kotipalveluamt.fi\/wp-content\/uploads\/2025\/03\/image-4.png\" alt=\"\" class=\"wp-image-18\" srcset=\"https:\/\/kotipalveluamt.fi\/wp-content\/uploads\/2025\/03\/image-4.png 307w, https:\/\/kotipalveluamt.fi\/wp-content\/uploads\/2025\/03\/image-4-300x246.png 300w\" sizes=\"auto, (max-width: 307px) 100vw, 307px\" \/><\/figure>\n\n\n\n<p>Hei, olen Frank Nweah, opiskelen Kannuksen Maatalousopistossa. <\/p>\n\n\n\n<p>Haluaisin auttaa sinua kotisi siivouksessa ja muissa pieniss\u00e4 askareissa.<\/p>\n\n\n\n<p>En osaa viel\u00e4 kovin hyvin suomea, mutta osaan englantia ja minulla on k\u00e4yt\u00f6ss\u00e4 tulkkauslaite, joka osaa k\u00e4\u00e4nt\u00e4\u00e4 hyvin suomea ja englantia.<\/p>\n\n\n\n<p>Olen Kotipalvelu AMT:ll\u00e4 t\u00f6iss\u00e4 ja saan normaalia suomalaista palkkaa.<\/p>\n\n\n\n<p>Olen Ghanasta kotoisin ja minulla on siell\u00e4 vaimo ja kaksi pient\u00e4 tyt\u00e4rt\u00e4. <\/p>\n\n\n\n<p>Olen kristitty ja kuulun Ghanassa Voice of God Tabernacle seurakuntaan. T\u00e4\u00e4ll\u00e4 Suomessa k\u00e4yn Kannuksen Kotiseurakunnassa.<\/p>\n\n\n\n<p>Voit ottaa minuun yhteytt\u00e4 puhelimella, mieluiten tekstiviestill\u00e4 (suomeksi) numeroon <strong>040 2432740<\/strong>.<\/p>\n\n\n\n<p>Ensimm\u00e4isell\u00e4 kerralla firman omistaja tulee mukaan. H\u00e4n on suomalainen ja h\u00e4nen nimens\u00e4 on Aimo Tuikka. H\u00e4nell\u00e4 on 10 vuotta sitten ollut samanlainen firma ja ty\u00f6ntekij\u00f6in\u00e4 nepalilaisia opiskelijoita. <\/p>\n\n\n\n<p>Voin k\u00e4ytt\u00e4\u00e4 sinun omia ty\u00f6kalujasi tai firman ty\u00f6kaluja ja puhdistusaineita.<\/p>\n\n\n\n<p>Voin tehd\u00e4 t\u00f6it\u00e4 illalla klo 16 j\u00e4lkeen ja my\u00f6s lauantaina koska opiskelen p\u00e4ivisin.<\/p>\n\n\n\n<p>K\u00e4yt\u00f6ss\u00e4ni on auto, joten voin toimittaa sen avulla nopeasti my\u00f6s pieni\u00e4 asioita.<\/p>\n\n\n\n<p>Hintamme ovat hyvin kilpailukykyisi\u00e4.<\/p>\n\n\n\n<p>Voit maksaa kortilla maksup\u00e4\u00e4tteen avulla, joka on minun mukanani tai laskulla tai k\u00e4teisell\u00e4. <\/p>\n\n\n\n<p><\/p>\n\n\n\n<p>N\u00e4hd\u00e4\u00e4n!<\/p>\n\n\n\n<p>Frank Nweah<\/p>\n","protected":false},"excerpt":{"rendered":"<p>Hei, olen Frank Nweah, opiskelen Kannuksen Maatalousopistossa. Haluaisin auttaa sinua kotisi siivouksessa ja muissa pieniss\u00e4 askareissa. En osaa viel\u00e4 kovin hyvin suomea, mutta osaan englantia ja minulla on k\u00e4yt\u00f6ss\u00e4 tulkkauslaite, joka osaa k\u00e4\u00e4nt\u00e4\u00e4 hyvin suomea ja englantia. Olen Kotipalvelu AMT:ll\u00e4 t\u00f6iss\u00e4 ja saan normaalia suomalaista palkkaa. Olen Ghanasta kotoisin ja minulla on siell\u00e4 vaimo ja [&hellip;]<\/p>\n","protected":false},"author":1,"featured_media":0,"parent":0,"menu_order":0,"comment_status":"closed","ping_status":"closed","template":"","meta":{"footnotes":""},"class_list":["post-14","page","type-page","status-publish","hentry"],"_links":{"self":[{"href":"https:\/\/kotipalveluamt.fi\/index.php?rest_route=\/wp\/v2\/pages\/14","targetHints":{"allow":["GET"]}}],"collection":[{"href":"https:\/\/kotipalveluamt.fi\/index.php?rest_route=\/wp\/v2\/pages"}],"about":[{"href":"https:\/\/kotipalveluamt.fi\/index.php?rest_route=\/wp\/v2\/types\/page"}],"author":[{"embeddable":true,"href":"https:\/\/kotipalveluamt.fi\/index.php?rest_route=\/wp\/v2\/users\/1"}],"replies":[{"embeddable":true,"href":"https:\/\/kotipalveluamt.fi\/index.php?rest_route=%2Fwp%2Fv2%2Fcomments&post=14"}],"version-history":[{"count":5,"href":"https:\/\/kotipalveluamt.fi\/index.php?rest_route=\/wp\/v2\/pages\/14\/revisions"}],"predecessor-version":[{"id":32,"href":"https:\/\/kotipalveluamt.fi\/index.php?rest_route=\/wp\/v2\/pages\/14\/revisions\/32"}],"wp:attachment":[{"href":"https:\/\/kotipalveluamt.fi\/index.php?rest_route=%2Fwp%2Fv2%2Fmedia&parent=14"}],"curies":[{"name":"wp","href":"https:\/\/api.w.org\/{rel}","templated":true}]}}